{"id":3510,"date":"2025-10-16T23:51:58","date_gmt":"2025-10-16T20:51:58","guid":{"rendered":"https:\/\/www.veganmess.ee\/?page_id=3510"},"modified":"2025-10-17T00:41:51","modified_gmt":"2025-10-16T21:41:51","slug":"taimetoidumess-2013-q782ks","status":"publish","type":"page","link":"https:\/\/veganmess.ee\/en\/taimetoidumess-2013-q782ks\/","title":{"rendered":"Taimetoidumess-2013"},"content":{"rendered":"<div data-elementor-type=\"wp-page\" data-elementor-id=\"3510\" class=\"elementor elementor-3510\" data-elementor-post-type=\"page\">\n\t\t\t\t<div class=\"elementor-element elementor-element-c1cc839 e-flex e-con-boxed e-con e-parent\" data-id=\"c1cc839\" data-element_type=\"container\" data-e-type=\"container\">\n\t\t\t\t\t<div class=\"e-con-inner\">\n\t\t<div class=\"elementor-element elementor-element-8758b1e e-con-full e-flex e-con e-child\" data-id=\"8758b1e\" data-element_type=\"container\" data-e-type=\"container\">\n\t\t\t\t<div class=\"elementor-element elementor-element-4da9738 elementor-widget__width-inherit elementor-invisible elementor-widget elementor-widget-heading\" data-id=\"4da9738\" data-element_type=\"widget\" data-e-type=\"widget\" data-settings=\"{&quot;_animation&quot;:&quot;fadeIn&quot;,&quot;_animation_delay&quot;:600}\" data-widget_type=\"heading.default\">\n\t\t\t\t\t<h1 class=\"elementor-heading-title elementor-size-default\">taimetoidumess 2013<\/h1>\t\t\t\t<\/div>\n\t\t\t\t<div class=\"elementor-element elementor-element-0843678 elementor-invisible elementor-widget elementor-widget-text-editor\" data-id=\"0843678\" data-element_type=\"widget\" data-e-type=\"widget\" data-settings=\"{&quot;_animation&quot;:&quot;fadeIn&quot;,&quot;_animation_delay&quot;:800}\" data-widget_type=\"text-editor.default\">\n\t\t\t\t\t\t\t\t\t<p><span style=\"font-weight: 400;\">2013 aasta on Taimetoidumessi ajaloos m\u00e4rgiline. Olles kahe aastaga k\u00fclastajate s\u00fcdameid v\u00f5itnud oli aeg hakata tegelema visuaalse identiteedi kujundamisega. Nii sai mess endale esimest korda logo &#8211; valge kokam\u00fcts rohelise ja oran\u017ei lillemustri taustal. Lisaks sai mess endale ka p\u00e4ris oma kodulehe. Ka korraldustiim kasvas j\u00f5udsalt ning Eesti Loomakaitse Seltsi ja Kuulikoduga liitusid Loomade Nimel ning Eesti Vegan Selts.<\/span><\/p>\n<p><\/p>\n<p><span style=\"font-weight: 400;\">2013 aastal liikus Taimetoidumess taas ning toimus Viru Keskuse aatriumis, kuhu oli vegan elustiili tutvustama tulnud 43 ettev\u00f5tet ja organisatsiooni.<\/span><\/p><p><span style=\"font-weight: 400;\"><br><\/span><\/p>\n<p><\/p>\n<p><b>Vastus rists\u00f5nale: VALGE KOKAM\u00dcTS<\/b><\/p>\t\t\t\t\t\t\t\t<\/div>\n\t\t\t\t<div class=\"elementor-element elementor-element-cf022f5 elementor-invisible elementor-widget elementor-widget-text-editor\" data-id=\"cf022f5\" data-element_type=\"widget\" data-e-type=\"widget\" data-settings=\"{&quot;_animation&quot;:&quot;fadeIn&quot;,&quot;_animation_delay&quot;:200}\" data-widget_type=\"text-editor.default\">\n\t\t\t\t\t\t\t\t\t<p style=\"text-align: left;\"><b>Soovid v\u00f5ita 150 euro v\u00e4\u00e4rtuses vegantooteid?<\/b><\/p><ol><li style=\"text-align: left;\">V\u00f5ta infolauast Ajakiri Vegan ja otsi sealt \u00fcles Veganmessi Aaretejahi rists\u00f5na.<\/li><li style=\"text-align: left;\">Lahendused k\u00fcsimustele leiad sk\u00e4nneerides Kultuurikatla seintel ripuvatelt plakatitelt QR-koode.<\/li><li style=\"text-align: left;\">Kirjuta vastus oma kontaktandmetega rists\u00f5na allnurgas olevasse kastikesse ja rebi see v\u00e4lja.<\/li><li style=\"text-align: left;\">Postita vastus infolauas olevasse kinkekarpi.<\/li><li style=\"text-align: left;\">V\u00f5itjaga v\u00f5tame peale messi \u00fchendust.<\/li><\/ol>\t\t\t\t\t\t\t\t<\/div>\n\t\t\t\t<\/div>\n\t\t\t\t\t<\/div>\n\t\t\t\t<\/div>\n\t\t\t\t<\/div>","protected":false},"excerpt":{"rendered":"<p>taimetoidumess 2013 2013 aasta on Taimetoidumessi ajaloos m\u00e4rgiline. Olles kahe aastaga k\u00fclastajate s\u00fcdameid v\u00f5itnud oli aeg hakata tegelema visuaalse identiteedi kujundamisega. Nii sai mess endale esimest korda logo &#8211; valge kokam\u00fcts rohelise ja oran\u017ei lillemustri taustal. Lisaks sai mess endale ka p\u00e4ris oma kodulehe. Ka korraldustiim kasvas j\u00f5udsalt ning Eesti Loomakaitse Seltsi ja Kuulikoduga liitusid [&hellip;]<\/p>\n","protected":false},"author":1,"featured_media":0,"parent":0,"menu_order":0,"comment_status":"closed","ping_status":"closed","template":"","meta":{"content-type":"","footnotes":""},"class_list":["post-3510","page","type-page","status-publish","hentry"],"_links":{"self":[{"href":"https:\/\/veganmess.ee\/en\/wp-json\/wp\/v2\/pages\/3510","targetHints":{"allow":["GET"]}}],"collection":[{"href":"https:\/\/veganmess.ee\/en\/wp-json\/wp\/v2\/pages"}],"about":[{"href":"https:\/\/veganmess.ee\/en\/wp-json\/wp\/v2\/types\/page"}],"author":[{"embeddable":true,"href":"https:\/\/veganmess.ee\/en\/wp-json\/wp\/v2\/users\/1"}],"replies":[{"embeddable":true,"href":"https:\/\/veganmess.ee\/en\/wp-json\/wp\/v2\/comments?post=3510"}],"version-history":[{"count":10,"href":"https:\/\/veganmess.ee\/en\/wp-json\/wp\/v2\/pages\/3510\/revisions"}],"predecessor-version":[{"id":3653,"href":"https:\/\/veganmess.ee\/en\/wp-json\/wp\/v2\/pages\/3510\/revisions\/3653"}],"wp:attachment":[{"href":"https:\/\/veganmess.ee\/en\/wp-json\/wp\/v2\/media?parent=3510"}],"curies":[{"name":"wp","href":"https:\/\/api.w.org\/{rel}","templated":true}]}}

<div data-elementor-type="wp-page" data-elementor-id="3510" class="elementor elementor-3510" data-elementor-post-type="page">
				<div class="elementor-element elementor-element-c1cc839 e-flex e-con-boxed e-con e-parent" data-id="c1cc839" data-element_type="container" data-e-type="container">
					<div class="e-con-inner">
		<div class="elementor-element elementor-element-8758b1e e-con-full e-flex e-con e-child" data-id="8758b1e" data-element_type="container" data-e-type="container">
				<div class="elementor-element elementor-element-4da9738 elementor-widget__width-inherit elementor-invisible elementor-widget elementor-widget-heading" data-id="4da9738" data-element_type="widget" data-e-type="widget" data-settings="{&quot;_animation&quot;:&quot;fadeIn&quot;,&quot;_animation_delay&quot;:600}" data-widget_type="heading.default">
					<h1 class="elementor-heading-title elementor-size-default">taimetoidumess 2013</h1>				</div>
				<div class="elementor-element elementor-element-0843678 elementor-invisible elementor-widget elementor-widget-text-editor" data-id="0843678" data-element_type="widget" data-e-type="widget" data-settings="{&quot;_animation&quot;:&quot;fadeIn&quot;,&quot;_animation_delay&quot;:800}" data-widget_type="text-editor.default">
									<p><span style="font-weight: 400;">2013 aasta on Taimetoidumessi ajaloos märgiline. Olles kahe aastaga külastajate südameid võitnud oli aeg hakata tegelema visuaalse identiteedi kujundamisega. Nii sai mess endale esimest korda logo &#8211; valge kokamüts rohelise ja oranži lillemustri taustal. Lisaks sai mess endale ka päris oma kodulehe. Ka korraldustiim kasvas jõudsalt ning Eesti Loomakaitse Seltsi ja Kuulikoduga liitusid Loomade Nimel ning Eesti Vegan Selts.</span></p>
<p></p>
<p><span style="font-weight: 400;">2013 aastal liikus Taimetoidumess taas ning toimus Viru Keskuse aatriumis, kuhu oli vegan elustiili tutvustama tulnud 43 ettevõtet ja organisatsiooni.</span></p><p><span style="font-weight: 400;"><br></span></p>
<p></p>
<p><b>Vastus ristsõnale: VALGE KOKAMÜTS</b></p>								</div>
				<div class="elementor-element elementor-element-cf022f5 elementor-invisible elementor-widget elementor-widget-text-editor" data-id="cf022f5" data-element_type="widget" data-e-type="widget" data-settings="{&quot;_animation&quot;:&quot;fadeIn&quot;,&quot;_animation_delay&quot;:200}" data-widget_type="text-editor.default">
									<p style="text-align: left;"><b>Soovid võita 150 euro väärtuses vegantooteid?</b></p><ol><li style="text-align: left;">Võta infolauast Ajakiri Vegan ja otsi sealt üles Veganmessi Aaretejahi ristsõna.</li><li style="text-align: left;">Lahendused küsimustele leiad skänneerides Kultuurikatla seintel ripuvatelt plakatitelt QR-koode.</li><li style="text-align: left;">Kirjuta vastus oma kontaktandmetega ristsõna allnurgas olevasse kastikesse ja rebi see välja.</li><li style="text-align: left;">Postita vastus infolauas olevasse kinkekarpi.</li><li style="text-align: left;">Võitjaga võtame peale messi ühendust.</li></ol>								</div>
				</div>
					</div>
				</div>
				</div>

<p>taimetoidumess 2013 2013 aasta on Taimetoidumessi ajaloos märgiline. Olles kahe aastaga külastajate südameid võitnud oli aeg hakata tegelema visuaalse identiteedi kujundamisega. Nii sai mess endale esimest korda logo &#8211; valge kokamüts rohelise ja oranži lillemustri taustal. Lisaks sai mess endale ka päris oma kodulehe. Ka korraldustiim kasvas jõudsalt ning Eesti Loomakaitse Seltsi ja Kuulikoduga liitusid [&hellip;]</p>
