{"id":3546,"date":"2025-10-17T00:07:16","date_gmt":"2025-10-16T21:07:16","guid":{"rendered":"https:\/\/www.veganmess.ee\/?page_id=3546"},"modified":"2025-10-17T00:40:27","modified_gmt":"2025-10-16T21:40:27","slug":"tallinn-vegfest-2019-am449k","status":"publish","type":"page","link":"https:\/\/veganmess.ee\/en\/tallinn-vegfest-2019-am449k\/","title":{"rendered":"Tallinn-Vegfest-2019"},"content":{"rendered":"<div data-elementor-type=\"wp-page\" data-elementor-id=\"3546\" class=\"elementor elementor-3546\" data-elementor-post-type=\"page\">\n\t\t\t\t<div class=\"elementor-element elementor-element-588cc41 e-flex e-con-boxed e-con e-parent\" data-id=\"588cc41\" data-element_type=\"container\" data-e-type=\"container\">\n\t\t\t\t\t<div class=\"e-con-inner\">\n\t\t<div class=\"elementor-element elementor-element-8c0e329 e-con-full e-flex e-con e-child\" data-id=\"8c0e329\" data-element_type=\"container\" data-e-type=\"container\">\n\t\t\t\t<div class=\"elementor-element elementor-element-b898b8d elementor-widget__width-inherit elementor-invisible elementor-widget elementor-widget-heading\" data-id=\"b898b8d\" data-element_type=\"widget\" data-e-type=\"widget\" data-settings=\"{&quot;_animation&quot;:&quot;fadeIn&quot;,&quot;_animation_delay&quot;:600}\" data-widget_type=\"heading.default\">\n\t\t\t\t\t<h1 class=\"elementor-heading-title elementor-size-default\">Tallinn Vegfest 2019<\/h1>\t\t\t\t<\/div>\n\t\t\t\t<div class=\"elementor-element elementor-element-b7d2ad0 elementor-invisible elementor-widget elementor-widget-text-editor\" data-id=\"b7d2ad0\" data-element_type=\"widget\" data-e-type=\"widget\" data-settings=\"{&quot;_animation&quot;:&quot;fadeIn&quot;,&quot;_animation_delay&quot;:800}\" data-widget_type=\"text-editor.default\">\n\t\t\t\t\t\t\t\t\t<p>2019. aasta oli Taimetoidumessi ajaloos isep\u00e4rane. Sel aastal korraldati Kultuurikatlas koguni kaks \u00fcritust, millest esimene toimus Juulis ja kandis nime Tallinn Vegfest. Kultuuriprogramm oli taas kahel laval. V\u00e4lilaval astusid \u00fcles muusikud Elina Born, Ingel ja Frank ning Mick ja Angeelia Pedaja. Terrassisaalis andis teiste loengute seas vegantrendidest \u00fclevaate HappyCow asutaja Ken Spector.<\/p><p>Kahjuks langes esimene Tallinn Vegfest samale n\u00e4dalavahetusele mitmete \u00fclisuurte muusikafestivalide ning v\u00e4li\u00fcritustega, mist\u00f5ttu oli k\u00fclastajate arv planeeritust m\u00e4rgatavalt madalam. Kuna k\u00f5igi teiste v\u00e4li\u00fcritustega konkureerimine ja ilmafaktori prognoosimine muudab suvise festivali v\u00e4ga riskantseks, j\u00e4i esimene vegfest seni ka viimaseks.<\/p><p>\u00a0<\/p><p><strong>Vastus rists\u00f5nale: JUULIS<\/strong><\/p>\t\t\t\t\t\t\t\t<\/div>\n\t\t\t\t<div class=\"elementor-element elementor-element-83dc8ed elementor-invisible elementor-widget elementor-widget-text-editor\" data-id=\"83dc8ed\" data-element_type=\"widget\" data-e-type=\"widget\" data-settings=\"{&quot;_animation&quot;:&quot;fadeIn&quot;,&quot;_animation_delay&quot;:200}\" data-widget_type=\"text-editor.default\">\n\t\t\t\t\t\t\t\t\t<p style=\"text-align: left;\"><b>Soovid v\u00f5ita 150 euro v\u00e4\u00e4rtuses vegantooteid?<\/b><\/p><ol><li style=\"text-align: left;\">V\u00f5ta infolauast Ajakiri Vegan ja otsi sealt \u00fcles Veganmessi Aaretejahi rists\u00f5na.<\/li><li style=\"text-align: left;\">Lahendused k\u00fcsimustele leiad sk\u00e4nneerides Kultuurikatla seintel ripuvatelt plakatitelt QR-koode.<\/li><li style=\"text-align: left;\">Kirjuta vastus oma kontaktandmetega rists\u00f5na allnurgas olevasse kastikesse ja rebi see v\u00e4lja.<\/li><li style=\"text-align: left;\">Postita vastus infolauas olevasse kinkekarpi.<\/li><li style=\"text-align: left;\">V\u00f5itjaga v\u00f5tame peale messi \u00fchendust.<\/li><\/ol>\t\t\t\t\t\t\t\t<\/div>\n\t\t\t\t<\/div>\n\t\t\t\t\t<\/div>\n\t\t\t\t<\/div>\n\t\t\t\t<\/div>","protected":false},"excerpt":{"rendered":"<p>Tallinn Vegfest 2019 2019. aasta oli Taimetoidumessi ajaloos isep\u00e4rane. Sel aastal korraldati Kultuurikatlas koguni kaks \u00fcritust, millest esimene toimus Juulis ja kandis nime Tallinn Vegfest. Kultuuriprogramm oli taas kahel laval. V\u00e4lilaval astusid \u00fcles muusikud Elina Born, Ingel ja Frank ning Mick ja Angeelia Pedaja. Terrassisaalis andis teiste loengute seas vegantrendidest \u00fclevaate HappyCow asutaja Ken Spector. [&hellip;]<\/p>\n","protected":false},"author":1,"featured_media":0,"parent":0,"menu_order":0,"comment_status":"closed","ping_status":"closed","template":"","meta":{"content-type":"","footnotes":""},"class_list":["post-3546","page","type-page","status-publish","hentry"],"_links":{"self":[{"href":"https:\/\/veganmess.ee\/en\/wp-json\/wp\/v2\/pages\/3546","targetHints":{"allow":["GET"]}}],"collection":[{"href":"https:\/\/veganmess.ee\/en\/wp-json\/wp\/v2\/pages"}],"about":[{"href":"https:\/\/veganmess.ee\/en\/wp-json\/wp\/v2\/types\/page"}],"author":[{"embeddable":true,"href":"https:\/\/veganmess.ee\/en\/wp-json\/wp\/v2\/users\/1"}],"replies":[{"embeddable":true,"href":"https:\/\/veganmess.ee\/en\/wp-json\/wp\/v2\/comments?post=3546"}],"version-history":[{"count":7,"href":"https:\/\/veganmess.ee\/en\/wp-json\/wp\/v2\/pages\/3546\/revisions"}],"predecessor-version":[{"id":3641,"href":"https:\/\/veganmess.ee\/en\/wp-json\/wp\/v2\/pages\/3546\/revisions\/3641"}],"wp:attachment":[{"href":"https:\/\/veganmess.ee\/en\/wp-json\/wp\/v2\/media?parent=3546"}],"curies":[{"name":"wp","href":"https:\/\/api.w.org\/{rel}","templated":true}]}}

<div data-elementor-type="wp-page" data-elementor-id="3546" class="elementor elementor-3546" data-elementor-post-type="page">
				<div class="elementor-element elementor-element-588cc41 e-flex e-con-boxed e-con e-parent" data-id="588cc41" data-element_type="container" data-e-type="container">
					<div class="e-con-inner">
		<div class="elementor-element elementor-element-8c0e329 e-con-full e-flex e-con e-child" data-id="8c0e329" data-element_type="container" data-e-type="container">
				<div class="elementor-element elementor-element-b898b8d elementor-widget__width-inherit elementor-invisible elementor-widget elementor-widget-heading" data-id="b898b8d" data-element_type="widget" data-e-type="widget" data-settings="{&quot;_animation&quot;:&quot;fadeIn&quot;,&quot;_animation_delay&quot;:600}" data-widget_type="heading.default">
					<h1 class="elementor-heading-title elementor-size-default">Tallinn Vegfest 2019</h1>				</div>
				<div class="elementor-element elementor-element-b7d2ad0 elementor-invisible elementor-widget elementor-widget-text-editor" data-id="b7d2ad0" data-element_type="widget" data-e-type="widget" data-settings="{&quot;_animation&quot;:&quot;fadeIn&quot;,&quot;_animation_delay&quot;:800}" data-widget_type="text-editor.default">
									<p>2019. aasta oli Taimetoidumessi ajaloos isepärane. Sel aastal korraldati Kultuurikatlas koguni kaks üritust, millest esimene toimus Juulis ja kandis nime Tallinn Vegfest. Kultuuriprogramm oli taas kahel laval. Välilaval astusid üles muusikud Elina Born, Ingel ja Frank ning Mick ja Angeelia Pedaja. Terrassisaalis andis teiste loengute seas vegantrendidest ülevaate HappyCow asutaja Ken Spector.</p><p>Kahjuks langes esimene Tallinn Vegfest samale nädalavahetusele mitmete ülisuurte muusikafestivalide ning väliüritustega, mistõttu oli külastajate arv planeeritust märgatavalt madalam. Kuna kõigi teiste väliüritustega konkureerimine ja ilmafaktori prognoosimine muudab suvise festivali väga riskantseks, jäi esimene vegfest seni ka viimaseks.</p><p> </p><p><strong>Vastus ristsõnale: JUULIS</strong></p>								</div>
				<div class="elementor-element elementor-element-83dc8ed elementor-invisible elementor-widget elementor-widget-text-editor" data-id="83dc8ed" data-element_type="widget" data-e-type="widget" data-settings="{&quot;_animation&quot;:&quot;fadeIn&quot;,&quot;_animation_delay&quot;:200}" data-widget_type="text-editor.default">
									<p style="text-align: left;"><b>Soovid võita 150 euro väärtuses vegantooteid?</b></p><ol><li style="text-align: left;">Võta infolauast Ajakiri Vegan ja otsi sealt üles Veganmessi Aaretejahi ristsõna.</li><li style="text-align: left;">Lahendused küsimustele leiad skänneerides Kultuurikatla seintel ripuvatelt plakatitelt QR-koode.</li><li style="text-align: left;">Kirjuta vastus oma kontaktandmetega ristsõna allnurgas olevasse kastikesse ja rebi see välja.</li><li style="text-align: left;">Postita vastus infolauas olevasse kinkekarpi.</li><li style="text-align: left;">Võitjaga võtame peale messi ühendust.</li></ol>								</div>
				</div>
					</div>
				</div>
				</div>

<p>Tallinn Vegfest 2019 2019. aasta oli Taimetoidumessi ajaloos isepärane. Sel aastal korraldati Kultuurikatlas koguni kaks üritust, millest esimene toimus Juulis ja kandis nime Tallinn Vegfest. Kultuuriprogramm oli taas kahel laval. Välilaval astusid üles muusikud Elina Born, Ingel ja Frank ning Mick ja Angeelia Pedaja. Terrassisaalis andis teiste loengute seas vegantrendidest ülevaate HappyCow asutaja Ken Spector. [&hellip;]</p>
